
Let l = 132 - 94. Let f(d) = 4*d - l - 13*d + 22 + 24. What are the prime factors of f(-4)?
2, 11
Let x(q) = -207*q + 482. What are the prime factors of x(-8)?
2, 1069
List the prime factors of -8*((-11)/(66/(-24)) - 107).
2, 103
Let v(r) = -r**2 + 6*r - 5. Let n be v(5). Suppose 18 = k - n*k. Suppose 99 = 3*p + k. List the prime factors of p.
3
Let g(b) = -2*b**2 + 11*b - 6. Let w be g(3). Suppose 3*m = 3*s - w, -3 = -s + 2*m - 3*m. List the prime factors of s.
3
Let b = 3353 + -2330. What are the prime factors of b?
3, 11, 31
List the prime factors of 7 - (-7 + -2*(-10173)/(-6)).
3, 5, 227
Let f = 77 + -49. Suppose 0 = -2*t + t - f. Let o = -11 - t. What are the prime factors of o?
17
Let c(m) = 4*m - 14. Let r be c(3). Let p(w) = -9*w + 4. List the prime factors of p(r).
2, 11
Let a(d) = -6*d**2. Let o be a(5). Let u = -55 - o. List the prime factors of u.
5, 19
Let a(l) = -l**3 - 6*l**2 - 4*l - 8. Let v be a(-6). Let t = 65 - v. List the prime factors of t.
7
Let j be ((-4)/(-7))/((-2)/14*-2). Suppose -2*l + 4*a + 136 = 0, -68 = -j*l + 3*a + 68. List the prime factors of l.
2, 17
Let b(s) = s - 55. Let w be b(0). Let j = w + 125. List the prime factors of 1/(-3 - j/(-23)).
23
Let d = -12 + 31. Suppose 3*n - 4*g - d - 10 = 0, 0 = -2*n - 4*g - 14. Suppose 3*z - 4*l - 62 = 0, -n*l + 13 = 2*z - 0*l. List the prime factors of z.
2, 7
Let m = -995 + 2142. What are the prime factors of m?
31, 37
Suppose 44 = -5*u + 4*u. Let j = u + 82. What are the prime factors of j?
2, 19
Let u(q) = 2*q**2 - q + 2. Suppose 2 = 4*c + 10. Let a be u(c). Let d = 18 - a. List the prime factors of d.
2, 3
Let d(l) = 19*l. Let t(p) = -24*p. Let u(o) = 6*d(o) + 5*t(o). Let m(c) = -c**2 + 4*c - 1. Let r be m(4). List the prime factors of u(r).
2, 3
Suppose 0 = -16*c - 801 + 9505. List the prime factors of c.
2, 17
Suppose 3*s + 21 = 66. Suppose 13 = -4*a - s. Let k(h) = -2*h + 5. What are the prime factors of k(a)?
19
Suppose -39*m + 111107 = -83542. List the prime factors of m.
7, 23, 31
Let b(y) = -y**3 + 6*y**2 + y - 6. Let d be b(5). Let g = -238 + 242. List the prime factors of (-6)/d - (-153)/g.
2, 19
Let o(d) = -d**3 + 70*d**2 - 110*d + 226. What are the prime factors of o(67)?
6323
Let k = -353 - -599. List the prime factors of k.
2, 3, 41
Let y(w) be the third derivative of w**5/40 - 11*w**4/12 - 2*w**3/3 + 4*w**2. Let k(v) be the first derivative of y(v). List the prime factors of k(10).
2
Suppose 37*t - 39*t = -18. Suppose -t*i + 7*i + 184 = 0. What are the prime factors of i?
2, 23
Let w = -8 + 31. Suppose 5*t = 5*i + 426 + 774, 3*t = -2*i + 710. Suppose w = -5*r + t. What are the prime factors of r?
43
Suppose 66*w + 536 = 67*w. List the prime factors of w.
2, 67
Suppose 3*k + 69 = -3*l, k + 25 - 82 = 3*l. List the prime factors of -2 + -1 - 4300/l.
2, 53
Let z be 12/(-4) - (0 - -5). Let l be (9/6)/((-6)/z). Suppose l*d - x + 0*x - 33 = 0, -4*x = -5*d + 90. List the prime factors of d.
2, 7
Let j = 25 - 31. Let r = j - -70. List the prime factors of r.
2
Let o = -128 + 463. Let t = 498 - o. List the prime factors of t.
163
Let k(f) = 8*f - 3. Let b(t) = -2*t**2 - 4*t - 2. Let w be b(-2). Let z(y) = -3*y + 1. Let p(g) = w*k(g) - 7*z(g). List the prime factors of p(2).
3
Let y = -1600 + 3103. What are the prime factors of y?
3, 167
Suppose -5*i + 20 = -4*q, -i - 4*q + 4 = -0. Suppose 13 = i*z - 31. What are the prime factors of -2 + -2 + (z - 2)?
5
List the prime factors of ((-94)/8)/(4*(-1)/64).
2, 47
Let s = 6869 + -4889. List the prime factors of s.
2, 3, 5, 11
Let m(j) = -j**3 - j**2 - 3*j - 1. Let i = 3 + -6. Let x be m(i). Let z = 51 - x. List the prime factors of z.
5
List the prime factors of 1/(776/620 - 10/8).
2, 5, 31
Suppose -4*p = p - 25. Suppose 4*s - 3*t + 55 - 11 = 0, -s - p*t = -12. Let c(a) = -a**3 - 7*a**2 + 8*a + 4. List the prime factors of c(s).
2
Let g(n) = 5*n**3 + 18*n**2 + 8*n - 7. Let a(o) = 3*o**3 + 9*o**2 + 4*o - 3. Let i(r) = -7*a(r) + 4*g(r). What are the prime factors of i(8)?
89
List the prime factors of 3/((-42)/(-72008)) - (-240)/(-560).
37, 139
Let u(y) = -y**3 - 39*y**2 - 45*y + 15. What are the prime factors of u(-38)?
281
Suppose -k + 4*k + 373 = -5*p, -3*p - 6 = 0. Let m = k + 247. List the prime factors of m.
2, 3, 7
Let q(i) = -146*i - 175. What are the prime factors of q(-17)?
3, 769
Let c(i) = i**2 - 2*i - 5. Let b be c(4). Suppose -n + 2 = -3*n + 4*j, 0 = 3*n - j + b. List the prime factors of ((-2)/(-4))/(n/(-92)).
2, 23
Let a(p) = 3*p**2 + 62*p + 35. Let x(r) = r**2 + 32*r + 17. Let w(z) = -3*a(z) + 7*x(z). What are the prime factors of w(17)?
2, 41
Suppose -31611 - 12009 = -20*i. List the prime factors of i.
3, 727
Let m(u) = 2*u**2 - 4*u + 21. Suppose -11*l + 49 = -6. What are the prime factors of m(l)?
3, 17
List the prime factors of (3 + 5 + -6 + -1)*1757.
7, 251
Let l = 271 - 158. Let a = 202 - l. What are the prime factors of a?
89
Let a(l) = l + 15. Let t be a(-13). Suppose t*x = 71 - 7. What are the prime factors of x?
2
Let x(m) = 11 + 4*m**2 - 4 - 12*m + 2*m**2 - 5*m**2. Let y be x(11). What are the prime factors of (6/y)/(6/(-24))?
2, 3
Let s(o) = -o**2 + 7*o - 7. Let u be s(6). Let d be (-4)/(-1 + u) + 36. Suppose -14*r + 13*r + d = 0. List the prime factors of r.
2, 19
Suppose 0 = 6*p - 7*p + 3. Suppose -p*z - 2 = 4. Let j = z - -15. What are the prime factors of j?
13
Let r(h) = 4*h - 21. Let t be r(9). Let a = 12 - t. What are the prime factors of (a - -3 - -16) + 3?
19
Let s(o) = -o**2 - 8*o - 5. Let p be s(-7). Let h = 8 - p. List the prime factors of h.
2, 3
Let u(q) = -q**3 - 15*q**2 + q + 15. Let d be u(-15). Suppose 3180 = -d*g + 15*g. What are the prime factors of g?
2, 53
What are the prime factors of (-92)/(-69)*1158/2?
2, 193
Let f be 15/(-1 + -4) + 5. Suppose -3*x = -f - 142. List the prime factors of x.
2, 3
Suppose -554*c + 563*c = 342. List the prime factors of c.
2, 19
Let t be 585/35 + (-2)/(-7). Suppose -t*d + 21*d = 20. What are the prime factors of d?
5
Let a be (-21)/6*(-1 + 7). Let b be (-70)/a*18/(-15). List the prime factors of (b/(-14))/((-7)/(-98)).
2
Let x(l) = l**2 + 14*l - 13 - 3*l - 3. Let h be x(-7). Let p = 74 + h. List the prime factors of p.
2, 3, 5
Let w(c) be the third derivative of 1/30*c**5 + 0*c + 0 - 2/3*c**3 - 1/12*c**4 - 5*c**2. List the prime factors of w(4).
2, 5
Let z(u) = 356*u**2 + 2*u - 1. What are the prime factors of z(1)?
3, 7, 17
Let x(c) = -3*c**3 - 15*c**2 + 8*c + 9. List the prime factors of x(-8).
521
Let p = 12249 + -7269. List the prime factors of p.
2, 3, 5, 83
Suppose -2*r + 88 = 2*p + p, -3*r = 2*p - 67. Suppose 4*g - 3*q - 2*q = 0, -4*q = 2*g - p. What are the prime factors of g?
5
Let c be (-2)/15 + (-423)/(-135). What are the prime factors of -1 + c - (-3 - 80)?
5, 17
Suppose 1 - 5 = -4*q. Let d = 1 + q. Suppose 0*x - x = 3*l - 21, 5*l - 44 = -d*x. List the prime factors of x.
3
Suppose -12*m + 4568 = -4*m. What are the prime factors of m?
571
Let v be -1*3 + -12 + 3865. List the prime factors of (-4)/(-18) - v/(-90).
43
Let r = 150 + -38. Suppose -f + 25 = 2*t - 91, 3*f - r = -2*t. Suppose -3*b - 2 = -t. What are the prime factors of b?
19
Let z(i) = i**2 - 3*i + 4. Let r be z(4). Let t = r - 7. What are the prime factors of (0 + -3 + t)/(-1)?
2
Suppose -2*t + 2368 = 6*t. Let d = t - 168. What are the prime factors of d?
2
Suppose 2*q + 115 = c, 4*q + 347 = 3*c - 0*c. Suppose 2*b - c = -21. What are the prime factors of b?
2, 3
Let f(r) = r**3 - 15*r**2 + r + 15. Suppose 0 = a + 2*a + 2*j - 47, 3*a + 4*j - 49 = 0. List the prime factors of f(a).
2, 3, 5
Suppose 4*t + 10 - 30 = 0. Suppose 0*q + 965 = t*d + q, -q = 0. What are the prime factors of d?
193
Let g(a) be the first derivative of -2*a - 4/3*a**3 + 7 - 1/4*a**4 - 3*a**2. List the prime factors of g(-4).
2, 11
Suppose -73*z - 4953 = -86*z. What are the prime factors of z?
3, 127
Suppose -4*x - 4*g + 0*g + 24 = 0, x + 5*g = 22. Suppose 0 = -m - 4*m + x*l + 122, -l + 95 = 4*m. List the prime factors of m.
2, 3
Let v = 576 - -111. What are the prime factors of v?
3, 229
Let f(h) = -11*h - 31. Let s be f(-11). Suppose -u + s = 4*z + u, 2*u = 5*z - 135. List the prime factors of z.
5
Let b = -8 + 13. Suppose -3*k - m + 1 = -b, 4*m = -k + 2. Suppose -42 = -k*y - 0*y. What are th